te?
False
Is 236692727 a prime number?
False
Is 2271673 prime?
True
Is 21576503 a composite number?
True
Is 6826751 composite?
False
Is 578717 composite?
True
Is 3960043 composite?
True
Is 434052253 prime?
True
Is 783857 prime?
False
Is 86389679 a composite number?
True
Is 559469957 composite?
True
Is 1015739 a composite number?
False
Is 970015 prime?
False
Is 8065279 a composite number?
False
Is 14741821 a composite number?
True
Is 1204421 a prime number?
True
Is 1357157 prime?
False
Is 151896323 prime?
True
Is 112843009 composite?
True
Is 206403037 composite?
False
Is 2419733 composite?
False
Is 53854802 prime?
False
Is 1389235 composite?
True
Is 78573047 a prime number?
False
Is 129665279 a composite number?
True
Is 1199051 composite?
True
Is 37378337 composite?
True
Is 156742183 prime?
False
Is 9217895 composite?
True
Is 15182743 prime?
False
Is 1226593 composite?
False
Is 4134107 a prime number?
True
Is 1095979 a prime number?
True
Is 29313631 a prime number?
False
Is 23551159 a prime number?
True
Is 3764303 composite?
False
Is 4713079 a prime number?
False
Is 4205303 composite?
False
Is 3121051 a composite number?
False
Is 29619497 a composite number?
False
Is 22593479 a composite number?
False
Is 50417429 a composite number?
False
Is 3044747 a prime number?
False
Is 110583023 a composite number?
False
Is 83311 a composite number?
False
Is 25595743 a composite number?
True
Is 2532679 composite?
True
Is 154561 composite?
True
Is 946853 a composite number?
False
Is 48117835 a composite number?
True
Is 1787087 composite?
False
Is 7682989 a prime number?
False
Is 4645777 a prime number?
False
Is 3235159 a composite number?
False
Is 135065797 a prime number?
False
Is 1596463 prime?
False
Is 117676667 composite?
False
Is 85988489 a composite number?
False
Is 109787534 a composite number?
True
Is 67305689 composite?
True
Is 8317299 a prime number?
False
Is 19604623 a composite number?
False
Is 148519127 a composite number?
False
Is 122353453 composite?
False
Is 10255205 a prime number?
False
Is 12987751 composite?
True
Is 28318657 a prime number?
True
Is 78395077 a prime number?
False
Is 23722547 a composite number?
True
Is 10884859 prime?
True
Is 10079323 a composite number?
False
Is 48117041 a prime number?
False
Is 3625643 a composite number?
True
Is 2276999 a composite number?
False
Is 7303553 prime?
False
Is 52651358 prime?
False
Is 4993111 composite?
True
Is 265057 composite?
True
Is 113192161 composite?
False
Is 1187885939 prime?
True
Is 169439593 prime?
False
Is 2034163 a composite number?
True
Is 243561821 a composite number?
True
Is 17591045 a prime number?
False
Is 27908117 composite?
False
Is 66164347 a composite number?
False
Is 43854757 composite?
True
Is 7059863 composite?
False
Is 49177159 composite?
False
Is 12359953 a composite number?
False
Is 15186997 a prime number?
False
Is 9676601 composite?
True
Is 171211723 a prime number?
False
Is 94638949 a prime number?
False
Is 1848697 prime?
True
Is 21668671 composite?
True
Is 4592761 a prime number?
False
Is 7971749 composite?
True
Is 280227581 prime?
True
Is 2303087 a composite number?
True
Is 621611 prime?
True
Is 1487557 a composite number?
False
Is 8459419 a composite number?
True
Is 7861933 prime?
True
Is 133956337 prime?
True
Is 43401707 a composite number?
False
Is 8488609 prime?
True
Is 9038743 a prime number?
False
Is 25374553 prime?
True
Is 6344027 a prime number?
True
Is 11794241 a prime number?
True
Is 7675413 composite?
True
Is 410792621 a prime number?
True
Is 545977 composite?
True
Is 7123 a prime number?
False
Is 163717067 a composite number?
False
Is 1345225171 a prime number?
False
Is 1910057 a composite number?
True
Is 2244491 prime?
False
Is 7120111 prime?
False
Is 34786883 a prime number?
True
Is 49751941 composite?
False
Is 2172683 a composite number?
True
Is 15209681 composite?
True
Is 111623686 composite?
True
Is 1538491 a composite number?
False
Is 499219 a composite number?
True
Is 1606723 a prime number?
True
Is 447487 composite?
True
Is 884453 a composite number?
False
Is 1578983 prime?
False
Is 250543 a composite number?
False
Is 6683639 composite?
True
Is 50941351 a composite number?
True
Is 17055685 a composite number?
True
Is 104056037 prime?
False
Is 2466299 composite?
True
Is 7981783 a prime number?
True
Is 14680123 a prime number?
True
Is 126084739 prime?
False
Is 1151287 a prime number?
True
Is 704458047 prime?
False
Is 6287089 a composite number?
False
Is 67103 composite?
False
Is 153059 a composite number?
False
Is 588342379 prime?
False
Is 4427167 prime?
True
Is 16433567 composite?
True
Is 3501137 prime?
True
Is 320741 composite?
False
Is 1589801 composite?
True
Is 84263 prime?
True
Is 99121619 prime?
True
Is 1647043 a prime number?
False
Is 16943 composite?
False
Is 534731 composite?
True
Is 39116465 a composite number?
True
Is 8360081 prime?
True
Is 321411929 a prime number?
True
Is 29880029 a prime number?
False
Is 11414129 composite?
False
Is 27043909 a composite number?
False
Is 1879699 a prime number?
False
Is 4039079 prime?
False
Is 193916273 composite?
True
Is 118454161 a composite number?
True
Is 20794889 prime?
True
Is 201463919 composite?
False
Is 12058339 a composite number?
False
Is 508901 composite?
False
Is 58321607 a composite number?
True
Is 8604203 prime?
True
Is 338081 a composite number?
True
Is 28558507 composite?
False
Is 225014747 prime?
True
Is 5832469 a prime number?
False
Is 23662973 prime?
False
Is 94142417 a prime number?
True
Is 5168011 a prime number?
False
Is 20767447 a prime number?
True
Is 363475771 a prime number?
True
Is 42634073 a prime number?
False
Is 76471 prime?
True
Is 29621023 a composite number?
True
Is 118595779 prime?
True
Is 1680145 a composite number?
True
Is 866309 composite?
False
Is 6106729 a composite number?
False
Is 6917431 a composite number?
False
Is 40593533 composite?
True
Is 447383 prime?
False
Is 5996399 a prime number?
False
Is 22374241 a composite number?
True
Is 6646063 prime?
False
Is 910554733 a composite number?
True
Is 19213021 a composite number?
False
Is 3965323 a composite number?
True
Is 3868663 composite?
True
Is 823725763 a composite number?
True
Is 6813943 composite?
False
Is 1945549 composite?
False
Is 252044293 composite?
False
Is 2624411 prime?
True
Is 351334457 a composite number?
False
Is 84788377 prime?
False
Is 46918826 a composite number?
True
Is 236537045 prime?
False
Is 1286177 a prime number?
True
Is 221563 composite?
True
Is 5096207 prime?
True
Is 695651 a prime number?
False
Is 3727837 prime?
True
Is 1256303 prime?
True
Is 1577647 composite?
True
Is 845675221 prime?
True
Is 297128063 a prime number?
True
Is 4868723 a prime number?
False
Is 1568867 a prime number?
True
Is 49007759 composite?
True
Is 4557433 composite?
False
Is 3731773 composite?
True
Is 74710747 a prime number?
True
Is 254815427 a prime number?
True
Is 3780191 a prime number?
True
Is 3951383 prime?
False
Is 17351329 a prime number?
False
Is 2459453 a composite number?
True
Is 85533241 composite?
True
Is 2099777 composite?
True
Is 1028471 a prime number?
True
Is 145971131 prime?
True
Is 2460373 a composite number?
False
Is 25101403 prime?
True
Is 443203 a prime number?
True
Is 10948451 prime?
True
Is 152598407 composite?
True
Is 42265207 a prime number?
True
Is 1055771 a composite number?
False
Is 36601457 a composite number?
False
Is 582949 a prime number?
True
Is 3277321 a prime number?
True
Is 36750661 a prime number?
False
Is 4895699 composite?
True
Is 649739 prime?
True
Is 3399593 composite?
False
Is 2392615 composite?
True
Is 194604563 composite?
False
Is 35361721 a prime number?
False
Is 39289637 a composite number?
True
Is 3915601 a composite number?
False
Is 4118327 prime?
False
Is 316140547 a prime number?
True
Is 261259 composite?
True
Is 203341399 a prime number?
True
Is 2001607 a composite number?
True
Is 38688189 a composite number?
True
Is 3111271 a prime number?
True
Is 20757853 prime?
True
Is 3149519 a prime number?
False
Is 554119 prime?
False
Is 10184839 a composite number?
True
Is 186210797 composite?
False
Is 2049151 a composite number?
True
Is 14316647 prime?
False
Is 64500937 a composite number?
False
Is 47189 prime?
True
Is 23953183 composite?
True
Is 2108291 compo